-30
Calculate 11 + (-38 - -14) + (-4 - 0).
-17
Calculate 28 + -4 + -2 + -38.
-16
What is the value of (-3 + -3 + 15 - 17) + -11?
-19
What is the value of -63 + 53 + (-4 - -27) + 22?
35
What is the value of (1 - 1) + 5 + (333 - 330)?
8
-19 - (-5 - (-11 + 14))
-11
What is (0 - (-2 + 8)) + (-7 - -8 - -9)?
4
Evaluate -9 - (4 - (-15 + 9) - 20).
1
What is -9 - (-7 - 19 - -14)?
3
Calculate (-8 + -22 - -12) + 4.
-14
0 + 1 - (7 - (-8 + 23)) - 28
-19
What is the value of 179 - 185 - (2 + 6)?
-14
Evaluate 0 + 7 - (22 + -8).
-7
Evaluate 2 - (1 + -1 - (150 - 145)).
7
Evaluate (-19 - 0) + -17 + 15 - -16.
-5
Calculate 12 - (-11 + -13 + 26).
10
2 + 1 + 2 + -2 + -2 + -5
-4
(-2 - -38 - 102) + 29
-37
What is -33 + 2 + 11 + 22?
2
What is 4 - (-12 - -22) - -8?
2
(6 - -1) + -18 + 4 + 4 + 16
13
What is (-4 - 2) + 2 + (0 - -3) + -6?
-7
Calculate 16 + 3 + -34 - -14.
-1
Calculate -32 - ((-36 - -34) + -23).
-7
What is the value of -14 + -19 + -1 + 16?
-18
What is -3 - (-9 + (5 - (8 + 6 + 0)))?
15
What is -4 - (-2 - -4) - (18 - 4) - -9?
-11
Calculate (5 + -17 - -4) + (11 - 4).
-1
Evaluate 23 + -18 + -13 + 10.
2
Calculate -182 + 170 + -2 + 3.
-11
(14 - -5) + -1 + (-10 - (-17 - -13))
12
Evaluate 25 - (33 - (16 + -20)).
-12
Evaluate (14 - 22) + 4 + -7 + 7.
-4
What is -4 - (38 + (10 - 21))?
-31
What is (-15 - (-15 - -10)) + 14?
4
What is the value of (5 + -13 - (0 + -2)) + 60 + -53?
1
Calculate 2 + -2 + 13 + -7 + -1.
5
Calculate 434 - 419 - ((1 - 2) + 1).
15
What is the value of 25 + (-11 - (-10 - -2)) + 1?
23
-6 + 20 + 6 - 47
-27
Evaluate -8 - (-6 + (-19 - -10 - -15)).
-8
Calculate -1 - -7 - -11 - (10 - 4).
11
What is the value of 4 + 3 + -15 - (8 - (6 - 2))?
-12
Evaluate -76 + 57 - (-3 - 27).
11
Calculate -17 + (7 - (-5 + (10 - 5))) + -22.
-32
-5 - ((10 - (22 - 9)) + -35 + 6)
27
Calculate -8 + 11 + (3 - (2 - -1)).
3
Calculate -8 - 1 - 13 - 0 - (6 - 5).
-23
What is -11 + 1 + 15 + (-3 - 8)?
-6
What is 13 + -18 + -2 + 1 + -8 - -1?
-13
What is the value of 31 - 41 - (-1 + -2 + -12)?
5
What is (5 - -2) + -2 + (-9 - (8 + -23))?
11
What is the value of 5 - (5 - 12) - 8?
4
What is the value of (-12 - (5 + -16 + 3)) + -8?
-12
What is the value of -24 - (8 - (-15 - -11) - 14)?
-22
What is the value of (-2 - 2) + 13 + -10 - 8?
-9
Calculate 21 - (-8 + 14 + (-4 - (-18 + 9))).
10
Evaluate 1 - 20 - (39 - (27 - -14)).
-17
Evaluate 3 + -17 + -9 + 9 + 3.
-11
What is 16 + -23 + (1 + -2 - -6)?
-2
What is -11 + -18 + 17 - -13?
1
Evaluate 26 - -4 - (14 - -2 - 7).
21
What is the value of (-2 - -2) + 8 + (46 - 56) + -5?
-7
What is 13 - ((-3 - (16 + -21)) + 5)?
6
What is the value of 22 + -62 + 19 - -18?
-3
-18 + -5 + 6 + 6 + 4
-7
Calculate (0 + -4 - -8) + 13 + (-5 - -4).
16
Calculate 11 + 0 + -1 - (-6 - (-48 + 39)).
7
Evaluate 17 + 6 - (-4 - (9 + -29 + 6)).
13
What is -1 - 9 - (9 - 19) - (-2 + -1)?
3
(6 - 9) + 3 + (-4 - (-5 - 9))
10
-12 + (29 - (16 - (29 - 16)))
14
Calculate (-1 - (-10 + 1 - -4)) + -8 + -2.
-6
Calculate (7 - (2 - (11 + -9))) + -4.
3
-36 - -37 - (0 - -2 - -3) - 17
-21
What is the value of 8 - (-20 - 9) - 25?
12
Evaluate 87 + -35 - (47 - 10).
15
What is -27 - (-9 + 9 + -13)?
-14
What is 1 + -8 + 2 + 16 + 1 + -8?
4
-38 - -57 - (-14 - -35)
-2
(3 + -2 + 2 + -3 - 4) + 1
-3
Evaluate 8 + (6 - 8) + -10 + 0 - 0.
-4
Calculate 10 + -16 + (3 - (2 + -1) - 6).
-10
What is the value of -57 + 51 - (4 + 1)?
-11
What is the value of -14 + 0 + -1 + -6 + 4?
-17
Calculate -6 + ((10 - 2) + -7 - -9).
4
What is 25 + -31 + (2 + -8 - -13)?
1
Evaluate -8 - ((-2 + 13 - 8) + 3).
-14
What is (3 - 18) + -3 - (-308 + 294)?
-4
What is the value of 6 - (2 - 1) - (296 - 295)?
4
Calculate (-7 - (4 + 6 - 25)) + -7 - 26.
-25
What is the value of -6 + (-4 - 1) + 8 - 6?
-9
What is the value of 1 - (8 + -7 + -3 + 5)?
-2
What is 0 - (-4 + -6 + 12)?
-2
What is -5 + -4 - (-23 - -6)?
8
(-5 - -1) + 13 + -1 + -19 + 22
11
What is (-2 - 0) + 2 + (-55 - -56)?
1
Evaluate 16 + -10 - (9 + (-13 - -10)).
0
Calculate -1 - (34 + -51 + 30).
-14
What is the value of 14 + -21 - -9 - (-2 - -6)?
-2
Calculate -51 + (-3 + 2 - (88 - 105)).
-35
What is -9 - (-14 + 6 + 22) - -11?
-12
Evaluate 4 - (23 + -16) - -18.
15
Calculate 2 + (-1 - -2) + (30 + -13 - 36).
-16
Evaluate 2 + (4 + -5 - (-9 - -4 - -5)).
1
10 + 3 - (-16 - (-14 + -9))
6
-1 + (-21 - -4) - 4 - (-3 - 3)
-16
What is -8 + (-11 - (-32 + 9))?
4
What is (-2 - (11 + 2)) + (-17 - (11 - 23))?
-20
What is the value of (2 - -2) + 2 + (177 - 192)?
-9
(0 - -2 - -2) + (14 + -1 - 6)
11
(5 + 1 - -3) + 8 + -21
-4
What is the value of -8 + 4 - (3 + -3 + -2 - 14)?
12
Evaluate 15 + -14 + 0 + (1 - 0).
2
What is (1 - -1) + 0 + -2 + (0 - -1)?
1
Evaluate -8 - (2 + -5 + 6 + (33 - 27)).
-17
What is 18 + (9 - 13) + -17?
-3
Calculate 23 - (19 + (26 - 9)) - (-1 + -4).
-8
What is the value of 4 - (3 - (-2 - (1 + -5 + 8)))?
-5
Evaluate -32 + 17 + -16 - 3.
-34
Calculate (8 - 15) + -10 + (-3 - -3) + -1.
-18
What is the value of -3 - (27 + -32 + 13 + -3 + -1)?
-7
What is 288 + -317 - (-21 - 3)?
-5
What is 4 - (0 - (-4 + (8 - 12)))?
-4
-14 + (0 + -6 - (-8 - 3) - 1)
-10
(63 - 35) + -77 + 22
-27
Calculate 14 - (20 - 8) - 9 - -17.
10
What is (26 - (18 - 5 - 8)) + -7?
14
What is (-14 - (14 + -30)) + 5?
7
Calculate (-5 - -10) + (7 - -7) + -12.
7
What is (-34 - (4 + -21)) + (-1 - -14)?
-4
What is the value of 0 - (1 - -10) - (-2436 + 2405)?
20
20 - (18 + -9 + 9)
2
(0 - 14) + (95 - 88) + -2
-9
What is the value of (-23 - -100 - 32) + -39?
6
Calculate (0 - (19 - 7)) + 14.
2
Calculate 1 - -19 - (-124 + 146).
-2
4 + 1 - (-90 - -38 - -36)
21
Calculate -1 - -25 - (18 + 0 + -10).
16
What is the value of (9 + -9 - 10) + (-3 - -3) + 0?
-10
Calculate -3 + 4 + 2 + -10 - (-25 - -4).
14
What is 4 + 1 + -11 - (-7 + (-3 - -4))?
0
Evaluate -5 + -17 - 2 - (5 + -10 - 3).
-16
What is the value of (9 - (5 - (-18 - -45))) + 0?
31
What is the value of (-24 - -4) + -10 + 2 + 4?
-24
What is -15 - (-10 + (-41 - -20))?
16
8 - 1 - (21 - 22 - -2)
6
Calculate 9 + 1 - 9 - (-3 - -8).
-4
Evaluate -1 + -10 + 23 + -23 - -25.
14
What is the value of (22 - 18) + -1 + 3 + (-2 - -25)?
29
What is (5 + -4 - 18) + -5 + 18?
-4
Evaluate (101 - 94 - (0 - -19)) + (0 - 3).
-15
Evaluate -8 - (-6 - (-2 - -3)).
-1
10 + 5 + -21 + 1
-5
16 - (1 - -5 - (1 - 4))
7
What is -38 - (31 - (65 + 31))?
27
Evaluate (-2 - -4) + (1 - 16) + (49 - 49).
-13
Evaluate 28 - 33 - -9 - 16.
-12
What is the value of 21 + -20 + -1 + 0 + 1 + 4?
5
What is 31 + -17 + -1 - (0 + 27)?
-14
Evaluate (18 - (19 - 7) - 4) + -11 + 1.
-8
What is the value of 36 + -10 - 11 - 2?
13
Evaluate 9 + (7 - 12) + (6 - -1) + -43.
-32
Calculate 3 + (7 - 3) - (15 - -4 - -2).
-14
-1 + 4 - (17 + -33 - -17)
2
What is the value of (-9 - -26) + -84 + 33?
-34
What is -4 + ((-1 - 18) + 1 - -9)?
-13
Evaluate 13 + 3 + -53 + 13.
-24
What is the value of 22 + -5 - (-9 + (-5 - -26))?
5
(-7 - -10) + (-5 - -1) + -3 - -20
16
What is the value of (49 - 40) + (-2 - -2)?
9
What is the value of (20 - 7) + -11 - (0 - (6 - 2))?
6
What is 8 + (10 - 11 - 17) + 15?
5
What is 2 + -66 + 35 + 23?
-6
Evaluate 16 + -1 + -1 + 3007 + -3006.
15
-13 + 1 + 2 + 3
-7
What is the value of (3 - (7 - 12)) + -19 + 17?
6
-1 - 19 - (1 + -13)
-8
What is the value of -21 - (3 + 7 - 33)?
2
What is the value of (-3 - -6) + -1 - (438 - 410)?
-26
Evaluate 6 - (-11 - (1 + -18) - (4 - 0)).
4
Evaluate -3 - (-17 + (2 - 7)).
19
Evaluate 1 + (0 - (0 - 0)) + (1497 - 1507).
-9
Evaluate -4 - -2 - (-35 - (4 + -20)).
17
Evaluate 2452 + -2453 - (-8 - (-1 - 1)).
5
Calculate (-31 + -8 + 8 - -14) + (-2 - 0).
-19
Calculate 12 + -10 - -8 - -2.
12
Evaluate -2 - (4 - 11) - (3 + -4 + 7).
-1
Calculate -14 + -28 + 24 - 3.
-21
Evaluate (27 - 17) + -33 + 3.
-20
What is the value of 6 + 8 + -14 - (-11 - -3) - 5?
3
What is the value of -35 + -1 + 10 + 3 + (-6 - -4)?
-25
Calculate 1 - (8 - (-11 - -15)).
-3
-14 - ((2 - 7 - -5) + 0 + -5)
-9
What is -9 - 19 - (-19 - -4)?
-13
What is the value of (-9 - ((-3 - -6) + -7) - 31) + 6?
-30
What is 9 + 4 + (-7 - -9) + (-11 - -8)?
12
Calculate 7 - (36 + (-22 + 12 - -1)).
-20
Calculate -6 + 23 + 6 - (1 + 9) - -3.
16
What is the value of -17 + 5 + -13 - -10?
-15
26 + -4 + -7 + (-16 - -8)
7
What is -16 + (-3 - -14 - (15 + (-12 - -2)))?
-10
Evaluate 1 - (-6 + (2 - -10 - -2) - 8).
1
What is the value of -176 - -187 - (0 - 2)?
13
Calculate 14 - (21 + -22) - 8 